{"id":291,"date":"2024-01-19T23:57:47","date_gmt":"2024-01-19T23:57:47","guid":{"rendered":"http:\/\/vivianbardavid.com\/?page_id=291"},"modified":"2024-11-14T22:40:23","modified_gmt":"2024-11-14T22:40:23","slug":"paola-iglesias-cortes","status":"publish","type":"page","link":"http:\/\/vivianbardavid.com\/?page_id=291","title":{"rendered":"Paola Iglesias Cort\u00e9s"},"content":{"rendered":"\n<div class=\"wp-block-group alignfull has-background is-vertical is-content-justification-center is-layout-flex wp-container-core-group-is-layout-623b1cb9 wp-block-group-is-layout-flex\" style=\"background-color:#f4f4fd;min-height:100vh;margin-top:0;margin-bottom:0;padding-top:var(--wp--preset--spacing--60);padding-right:var(--wp--preset--spacing--50);padding-bottom:var(--wp--preset--spacing--60);padding-left:var(--wp--preset--spacing--50)\">\n<h2 class=\"wp-block-heading has-text-color has-link-color wp-elements-0f2c83987be406f16cd016f80ccfb2ba\" style=\"color:#8d85ae\">Paola Iglesias Cort\u00e9s<\/h2>\n\n\n\n<p>Tiene un poco m\u00e1s de 20 a\u00f1os que me integr\u00e9 al equipo de trabajo del Ing. Jackie, y al poco tiempo tuve la fortuna de conocer a la Licenciada Vivian y colaborar en muchos proyectos con ella. Me cautiv\u00f3 e inspir\u00f3 su entusiasmo, determinaci\u00f3n y el minucioso detalle que pon\u00eda a cada proyecto.<\/p>\n\n\n\n<p>En el \u00e1mbito personal siempre amable y c\u00e1lida con todas las personas. Cada a\u00f1o nos llenaba de bellos detalles que atesoro con gran cari\u00f1o, adem\u00e1s de tener el gran privilegio de que comparti\u00f3 momentos muy importantes de mi vida, como el d\u00eda de mi boda, ya que, para m\u00ed, ella y el Ing. Jackie son la pareja mas entra\u00f1able y amorosa que he conocido.<\/p>\n\n\n\n<p>Es innegable que su partida nos deja un profundo vac\u00edo, pero esa luz radiante nos sirva de inspiraci\u00f3n que iluminar\u00e1 cada aspecto de nuestras vidas como siempre lo hizo.<\/p>\n<\/div>\n","protected":false},"excerpt":{"rendered":"<p>Paola Iglesias Cort\u00e9s Tiene un poco m\u00e1s de 20 a\u00f1os que me integr\u00e9 al equipo de trabajo del Ing. Jackie, y al poco tiempo tuve la fortuna de conocer a la Licenciada Vivian y colaborar en muchos proyectos con ella. Me cautiv\u00f3 e inspir\u00f3 su entusiasmo, determinaci\u00f3n y el minucioso detalle que pon\u00eda a cada [&hellip;]<\/p>\n","protected":false},"author":1,"featured_media":0,"parent":0,"menu_order":0,"comment_status":"closed","ping_status":"closed","template":"","meta":{"footnotes":""},"class_list":["post-291","page","type-page","status-publish","hentry"],"_links":{"self":[{"href":"http:\/\/vivianbardavid.com\/index.php?rest_route=\/wp\/v2\/pages\/291","targetHints":{"allow":["GET"]}}],"collection":[{"href":"http:\/\/vivianbardavid.com\/index.php?rest_route=\/wp\/v2\/pages"}],"about":[{"href":"http:\/\/vivianbardavid.com\/index.php?rest_route=\/wp\/v2\/types\/page"}],"author":[{"embeddable":true,"href":"http:\/\/vivianbardavid.com\/index.php?rest_route=\/wp\/v2\/users\/1"}],"replies":[{"embeddable":true,"href":"http:\/\/vivianbardavid.com\/index.php?rest_route=%2Fwp%2Fv2%2Fcomments&post=291"}],"version-history":[{"count":5,"href":"http:\/\/vivianbardavid.com\/index.php?rest_route=\/wp\/v2\/pages\/291\/revisions"}],"predecessor-version":[{"id":806,"href":"http:\/\/vivianbardavid.com\/index.php?rest_route=\/wp\/v2\/pages\/291\/revisions\/806"}],"wp:attachment":[{"href":"http:\/\/vivianbardavid.com\/index.php?rest_route=%2Fwp%2Fv2%2Fmedia&parent=291"}],"curies":[{"name":"wp","href":"https:\/\/api.w.org\/{rel}","templated":true}]}}