{"id":357,"date":"2024-01-22T19:02:56","date_gmt":"2024-01-22T19:02:56","guid":{"rendered":"http:\/\/vivianbardavid.com\/?page_id=357"},"modified":"2024-11-15T01:34:35","modified_gmt":"2024-11-15T01:34:35","slug":"karlas-ornelas-figueroa","status":"publish","type":"page","link":"http:\/\/vivianbardavid.com\/?page_id=357","title":{"rendered":"Karla Ornelas Figueroa"},"content":{"rendered":"\n<div class=\"wp-block-group alignfull has-background is-vertical is-content-justification-center is-layout-flex wp-container-core-group-is-layout-9ad4dcb5 wp-block-group-is-layout-flex\" style=\"background-color:#f4f4fd;min-height:70vh;padding-top:0;padding-right:0;padding-bottom:0;padding-left:0\">\n<div class=\"wp-block-group has-global-padding is-layout-constrained wp-block-group-is-layout-constrained\">\n<div style=\"height:52px\" aria-hidden=\"true\" class=\"wp-block-spacer\"><\/div>\n\n\n\n<h2 class=\"wp-block-heading has-text-align-center has-text-color has-link-color wp-elements-bfd0ba75bbf407acb294e263bd88db02\" style=\"color:#8d85ae\">Karla Ornelas Figueroa<\/h2>\n\n\n\n<div style=\"height:15px\" aria-hidden=\"true\" class=\"wp-block-spacer\"><\/div>\n\n\n\n<p>Recuerdo cuando conoc\u00ed en persona a Vivian. Hab\u00eda escuchado de ella pero no fue hasta la feria del 4 de julio que tuve la opprtunidd de conocerla.<\/p>\n\n\n\n<p>Con mucha naturalidad me dijo, &#8220;Qu\u00e9 bueno que vinieron Karlita&#8221;, como si me conociera desde siempre. Eso para m\u00ed era lo que la caracterizaba; sab\u00eda personalizar su comunicacion con todos y cada uno de los miembros de AMSOC.<\/p>\n\n\n\n<p>Su calidez, inteligencia y compromiso es lo que siempre voy a recordar de Vivian. Como mujer y profesionista siempre tendr\u00e1 mi mas grande admiraci\u00f3n.<\/p>\n\n\n\n<p>No te digo adios, sino hasta que nos volvamos a encontrar.<\/p>\n\n\n\n<p class=\"has-text-align-right\">Karla Ornelas<\/p>\n\n\n\n<p class=\"has-text-align-right\">Shriners Children\u2019s &#8211; Communications Manager<\/p>\n\n\n\n<div style=\"height:69px\" aria-hidden=\"true\" class=\"wp-block-spacer\"><\/div>\n<\/div>\n<\/div>\n","protected":false},"excerpt":{"rendered":"<p>Karla Ornelas Figueroa Recuerdo cuando conoc\u00ed en persona a Vivian. Hab\u00eda escuchado de ella pero no fue hasta la feria del 4 de julio que tuve la opprtunidd de conocerla. Con mucha naturalidad me dijo, &#8220;Qu\u00e9 bueno que vinieron Karlita&#8221;, como si me conociera desde siempre. Eso para m\u00ed era lo que la caracterizaba; sab\u00eda [&hellip;]<\/p>\n","protected":false},"author":1,"featured_media":0,"parent":0,"menu_order":0,"comment_status":"closed","ping_status":"closed","template":"","meta":{"footnotes":""},"class_list":["post-357","page","type-page","status-publish","hentry"],"_links":{"self":[{"href":"http:\/\/vivianbardavid.com\/index.php?rest_route=\/wp\/v2\/pages\/357","targetHints":{"allow":["GET"]}}],"collection":[{"href":"http:\/\/vivianbardavid.com\/index.php?rest_route=\/wp\/v2\/pages"}],"about":[{"href":"http:\/\/vivianbardavid.com\/index.php?rest_route=\/wp\/v2\/types\/page"}],"author":[{"embeddable":true,"href":"http:\/\/vivianbardavid.com\/index.php?rest_route=\/wp\/v2\/users\/1"}],"replies":[{"embeddable":true,"href":"http:\/\/vivianbardavid.com\/index.php?rest_route=%2Fwp%2Fv2%2Fcomments&post=357"}],"version-history":[{"count":3,"href":"http:\/\/vivianbardavid.com\/index.php?rest_route=\/wp\/v2\/pages\/357\/revisions"}],"predecessor-version":[{"id":823,"href":"http:\/\/vivianbardavid.com\/index.php?rest_route=\/wp\/v2\/pages\/357\/revisions\/823"}],"wp:attachment":[{"href":"http:\/\/vivianbardavid.com\/index.php?rest_route=%2Fwp%2Fv2%2Fmedia&parent=357"}],"curies":[{"name":"wp","href":"https:\/\/api.w.org\/{rel}","templated":true}]}}

<div class="wp-block-group alignfull has-background is-vertical is-content-justification-center is-layout-flex wp-container-core-group-is-layout-9ad4dcb5 wp-block-group-is-layout-flex" style="background-color:#f4f4fd;min-height:70vh;padding-top:0;padding-right:0;padding-bottom:0;padding-left:0">
<div class="wp-block-group has-global-padding is-layout-constrained wp-block-group-is-layout-constrained">
<div style="height:52px" aria-hidden="true" class="wp-block-spacer"></div>



<h2 class="wp-block-heading has-text-align-center has-text-color has-link-color wp-elements-bfd0ba75bbf407acb294e263bd88db02" style="color:#8d85ae">Karla Ornelas Figueroa</h2>



<div style="height:15px" aria-hidden="true" class="wp-block-spacer"></div>



<p>Recuerdo cuando conocí en persona a Vivian. Había escuchado de ella pero no fue hasta la feria del 4 de julio que tuve la opprtunidd de conocerla.</p>



<p>Con mucha naturalidad me dijo, &#8220;Qué bueno que vinieron Karlita&#8221;, como si me conociera desde siempre. Eso para mí era lo que la caracterizaba; sabía personalizar su comunicacion con todos y cada uno de los miembros de AMSOC.</p>



<p>Su calidez, inteligencia y compromiso es lo que siempre voy a recordar de Vivian. Como mujer y profesionista siempre tendrá mi mas grande admiración.</p>



<p>No te digo adios, sino hasta que nos volvamos a encontrar.</p>



<p class="has-text-align-right">Karla Ornelas</p>



<p class="has-text-align-right">Shriners Children’s &#8211; Communications Manager</p>



<div style="height:69px" aria-hidden="true" class="wp-block-spacer"></div>
</div>
</div>

<p>Karla Ornelas Figueroa Recuerdo cuando conocí en persona a Vivian. Había escuchado de ella pero no fue hasta la feria del 4 de julio que tuve la opprtunidd de conocerla. Con mucha naturalidad me dijo, &#8220;Qué bueno que vinieron Karlita&#8221;, como si me conociera desde siempre. Eso para mí era lo que la caracterizaba; sabía [&hellip;]</p>
