{"id":384,"date":"2024-01-22T20:35:53","date_gmt":"2024-01-22T20:35:53","guid":{"rendered":"http:\/\/vivianbardavid.com\/?page_id=384"},"modified":"2024-11-15T01:46:05","modified_gmt":"2024-11-15T01:46:05","slug":"geraldine-gonzalez-soberanes","status":"publish","type":"page","link":"http:\/\/vivianbardavid.com\/?page_id=384","title":{"rendered":"Geraldine Gonz\u00e1lez Soberanes"},"content":{"rendered":"\n<div class=\"wp-block-group alignfull has-background has-global-padding is-layout-constrained wp-container-core-group-is-layout-cf6d0cc3 wp-block-group-is-layout-constrained\" style=\"background-color:#f4f4fd;min-height:100vh;margin-top:0;margin-bottom:0;padding-top:var(--wp--preset--spacing--40);padding-right:0;padding-bottom:var(--wp--preset--spacing--40);padding-left:0\">\n<div class=\"wp-block-group has-global-padding is-layout-constrained wp-container-core-group-is-layout-fc54cf0f wp-block-group-is-layout-constrained\">\n<h2 class=\"wp-block-heading has-text-align-center has-text-color has-link-color wp-elements-33a770aa6dc4d1930c75287aae2e5b29\" style=\"color:#8d85ae\">Geraldine Gonz\u00e1lez Soberanes<\/h2>\n\n\n\n<div style=\"margin-top:0;margin-bottom:0;height:var(--wp--preset--spacing--10)\" aria-hidden=\"true\" class=\"wp-block-spacer\"><\/div>\n\n\n\n<p>Inicio este texto procurando reflejar en el mismo un testimonio fiel al recuerdo de un ser humano que brind\u00f3 luz y calidez en cada momento que comparti\u00f3 con nosotros un espacio en este plano terrenal.<\/p>\n\n\n\n<p>Lejos de procurar una eleg\u00eda, deseo celebrar la vida que Vivian Bardavid nos exhort\u00f3 a reconocer en todo acto que llev\u00f3 a cabo, as\u00ed como el valor de sus palabras de inspiraci\u00f3n y aliento, con la convicci\u00f3n de que en el dar se encuentran oportunidades de crecimiento, superando las vicisitudes que nos pueden abatir, pero nunca derrotar.<\/p>\n\n\n\n<p>En el \u00faltimo par de a\u00f1os goc\u00e9 no solo de la amistad, cari\u00f1o y amabilidad de Vivi, sino de su consejo y apoyo irrestricto, personal y profesionalmente. Sostuvimos largas charlas matutinas, casi a la par del alba, durante las cuales contrast\u00e1bamos ideas y proyectos que ofrecieran ventajas para todas las organizaciones que, con su incansable empe\u00f1o y af\u00e1n, congreg\u00f3 con talento bajo su directriz.<\/p>\n\n\n\n<p>Para Vivi el sentido del compromiso y el principio de compartir fueron siempre la m\u00e1s alta prioridad, acompa\u00f1ados de extrema sencillez. Hermanaba cada acci\u00f3n con alegr\u00eda y su iniciativa nos inspir\u00f3 en episodios retadores \u2013prueba de ello sus formidables esfuerzos en los tiempos de pandemia- y tambi\u00e9n en momentos ben\u00e9volos, que celebramos juntas con gozo.<\/p>\n\n\n\n<p>Vivi fue ejemplo palpable de disciplina y tenacidad. Hizo realidad grandes obras; forj\u00f3 s\u00f3lidas alianzas y expandi\u00f3 su alcance m\u00e1s all\u00e1 de los \u00e1mbitos de la responsabilidad social. Sus iniciativas en pro de la educaci\u00f3n de calidad trascendieron fronteras, y en este 2023, tendi\u00f3 lazos con las autoridades diplom\u00e1ticas de los Estados Unidos de Am\u00e9rica y diversas instituciones educativas en ese pa\u00eds, promoviendo canales que ofrecieran a ni\u00f1os y j\u00f3venes de comunidades mexicanas menos favorecidas, oportunidades de superaci\u00f3n acad\u00e9mica que en \u00faltima instancia mejoraran sus condiciones de vida.<\/p>\n\n\n\n<p>Como en toda relaci\u00f3n humana tambi\u00e9n tuvimos diferencias, que lejos de distanciarnos, presentaron opciones de encontrarnos en un punto medio y a partir de ello, reorientar nuestros puntos de vista con creatividad, alcanzando logros con los recursos materiales, humanos y an\u00edmicos, que maravillosamente identificaba y obten\u00eda. Dice bien el proverbio: \u201cUna sola conversaci\u00f3n con una persona sabia es mejor que a\u00f1os de estudio\u201d. Su consejo mucho me ilumin\u00f3.<\/p>\n\n\n\n<p>Podr\u00eda, sin duda, continuar expresando raudales de mi experiencia con Vivi. No es necesario. Su nombre, su pasi\u00f3n y entrega son bien conocidos en un sinf\u00edn de esferas dedicadas a edificar un mejor \u00e1mbito en el d\u00eda a d\u00eda de miles de personas. Deja un legado que, estoy cierta, sus amigos podr\u00e1n testimoniar y sus familiares celebrar\u00e1n, pues su presencia trascender\u00e1.<\/p>\n\n\n\n<p>Finalizo estas l\u00edneas a manera de tributo con una cita del Rebe de Kotzk: \u201cLa muerte es meramente una mudanza, un simple cambio de casa. Por consiguiente, el hombre sabio invierte sus esfuerzos en hacer que su casa del futuro sea m\u00e1s bella\u201d.<\/p>\n\n\n\n<p>Disfruta, Vivi, de tu nueva casa, donde recibir\u00e1s a diario nuestro agradecimiento por tu presencia en nuestras vidas.<\/p>\n\n\n\n<div style=\"height:25px\" aria-hidden=\"true\" class=\"wp-block-spacer\"><\/div>\n\n\n\n<p style=\"margin-top:0;margin-right:0;margin-bottom:0;margin-left:0;padding-top:0;padding-right:0;padding-bottom:0;padding-left:0\">Geraldine Gonz\u00e1lez-Soberanes<\/p>\n\n\n\n<p style=\"margin-top:0;margin-right:0;margin-bottom:0;margin-left:0;padding-top:0;padding-right:0;padding-bottom:0;padding-left:0\">AmSoc Director of Events and Member Services<\/p>\n\n\n\n<p style=\"margin-top:0;margin-right:0;margin-bottom:0;margin-left:0;padding-top:0;padding-right:0;padding-bottom:0;padding-left:0\">Diciembre, 2023<\/p>\n<\/div>\n<\/div>\n","protected":false},"excerpt":{"rendered":"<p>Geraldine Gonz\u00e1lez Soberanes Inicio este texto procurando reflejar en el mismo un testimonio fiel al recuerdo de un ser humano que brind\u00f3 luz y calidez en cada momento que comparti\u00f3 con nosotros un espacio en este plano terrenal. Lejos de procurar una eleg\u00eda, deseo celebrar la vida que Vivian Bardavid nos exhort\u00f3 a reconocer en [&hellip;]<\/p>\n","protected":false},"author":1,"featured_media":0,"parent":0,"menu_order":0,"comment_status":"closed","ping_status":"closed","template":"","meta":{"footnotes":""},"class_list":["post-384","page","type-page","status-publish","hentry"],"_links":{"self":[{"href":"http:\/\/vivianbardavid.com\/index.php?rest_route=\/wp\/v2\/pages\/384","targetHints":{"allow":["GET"]}}],"collection":[{"href":"http:\/\/vivianbardavid.com\/index.php?rest_route=\/wp\/v2\/pages"}],"about":[{"href":"http:\/\/vivianbardavid.com\/index.php?rest_route=\/wp\/v2\/types\/page"}],"author":[{"embeddable":true,"href":"http:\/\/vivianbardavid.com\/index.php?rest_route=\/wp\/v2\/users\/1"}],"replies":[{"embeddable":true,"href":"http:\/\/vivianbardavid.com\/index.php?rest_route=%2Fwp%2Fv2%2Fcomments&post=384"}],"version-history":[{"count":3,"href":"http:\/\/vivianbardavid.com\/index.php?rest_route=\/wp\/v2\/pages\/384\/revisions"}],"predecessor-version":[{"id":830,"href":"http:\/\/vivianbardavid.com\/index.php?rest_route=\/wp\/v2\/pages\/384\/revisions\/830"}],"wp:attachment":[{"href":"http:\/\/vivianbardavid.com\/index.php?rest_route=%2Fwp%2Fv2%2Fmedia&parent=384"}],"curies":[{"name":"wp","href":"https:\/\/api.w.org\/{rel}","templated":true}]}}