{"id":415,"date":"2024-01-22T23:13:31","date_gmt":"2024-01-22T23:13:31","guid":{"rendered":"http:\/\/vivianbardavid.com\/?page_id=415"},"modified":"2024-11-15T02:25:32","modified_gmt":"2024-11-15T02:25:32","slug":"pila-bazan","status":"publish","type":"page","link":"http:\/\/vivianbardavid.com\/?page_id=415","title":{"rendered":"Pila Baz\u00e1n"},"content":{"rendered":"\n<div class=\"wp-block-group alignfull has-background is-vertical is-content-justification-center is-layout-flex wp-container-core-group-is-layout-518e0ca4 wp-block-group-is-layout-flex\" style=\"background-color:#f4f4fd;min-height:100vh;margin-top:0;margin-bottom:0;padding-top:var(--wp--preset--spacing--40);padding-right:var(--wp--preset--spacing--50);padding-bottom:var(--wp--preset--spacing--40);padding-left:var(--wp--preset--spacing--50)\">\n<div class=\"wp-block-group has-global-padding is-layout-constrained wp-container-core-group-is-layout-fc54cf0f wp-block-group-is-layout-constrained\">\n<h2 class=\"wp-block-heading has-text-align-center has-text-color has-link-color wp-elements-deb58919f2d0a1a1024def206e0956ee\" style=\"color:#8d85ae\">Pilar Baz\u00e1n<\/h2>\n\n\n\n<div style=\"height:25px\" aria-hidden=\"true\" class=\"wp-block-spacer\"><\/div>\n\n\n\n<p class=\"has-text-color has-link-color wp-elements-cc5b4433b9db95019d3e219af655efe6\" style=\"color:#8d85ae\"><strong>Historia de Colaboraci\u00f3n y Compromiso: La Impactante Trayectoria con Vivi<\/strong><\/p>\n\n\n\n<p>Fue en junio de 2020 cuando tuve el privilegio de ser presentada a Vivi, una conexi\u00f3n que se gest\u00f3 en medio de la pandemia a trav\u00e9s de una reuni\u00f3n virtual por Zoom. El prop\u00f3sito era claro: quer\u00eda conocernos, conocernos a nosotros y a nuestro movimiento (Special Olympics, que ayuda a millones de personas con discapacidad intelectual alrededor del mundo). Al concluir la presentaci\u00f3n, Vivi comparti\u00f3 una noticia sorprendente: en unas semanas participar\u00edamos en un evento de The American Society of Mexico junto a varios directores generales de empresas multinacionales, ocupando el espacio dejado vacante por una organizaci\u00f3n que hab\u00eda cancelado en el \u00faltimo momento. As\u00ed inici\u00f3 una experiencia emocionante, llena de nerviosismo, preocupaci\u00f3n tecnol\u00f3gica y el anhelo de representar nuestro movimiento de la mejor manera posible. En esa presentaci\u00f3n tambi\u00e9n conocimos a otras organizaciones sociales que se sumaron a nuestro c\u00edrculo.<\/p>\n\n\n\n<p>Desde ese d\u00eda fuimos invitados a formar parte del Steering Group del The American Society of Mexico, representado con gran dignidad por nuestra apreciada Vivi.<\/p>\n\n\n\n<p>As\u00ed empez\u00f3 nuestra historia con una mujer excepcional, l\u00edder extraordinaria, ser humano extraordinario y profesional impecable. Trabajaba incansablemente cada d\u00eda con la visi\u00f3n de ayudar a quienes m\u00e1s lo necesitaban en nuestro pa\u00eds, evaluando organizaciones con seriedad y compromiso. A lo largo de nuestro recorrido, Vivi experiment\u00f3 algunas decepciones con organizaciones que aparentaban m\u00e1s de lo que cumpl\u00edan, lo cual le causaba gran disgusto.<\/p>\n\n\n\n<p>Para m\u00ed, es dif\u00edcil separar lo personal de lo institucional cuando se trata de Vivi. Ella se convirti\u00f3 en una amiga extraordinaria, llegando al punto de presumir que \u00e9ramos como hermanas. Confiaba en m\u00ed, me quer\u00eda mucho, se preocupaba por mi salud, y nuestra relaci\u00f3n trascendi\u00f3 a nuestras familias y amigos.<\/p>\n\n\n\n<p>Profesionalmente, Vivi nos present\u00f3 a m\u00e1s de 20 organizaciones y personas con la idea de forjar alianzas que beneficiaran a nuestros atletas con discapacidad. Gracias a ella, despu\u00e9s de 33 a\u00f1os de presencia en M\u00e9xico, Special Olympics fue aceptado como una de las organizaciones sociales norteamericanas en nuestro pa\u00eds a trav\u00e9s del The American Society. Nos incluy\u00f3 en la plataforma de AMSOC y participamos en la filmaci\u00f3n de un video donde hablamos de Special Olympics, obteniendo una visibilidad impresionante.<\/p>\n\n\n\n<p>Vivi confiaba en la seriedad de nuestro movimiento y apreciaba la forma en que hac\u00edamos las cosas. Todo lo que hac\u00eda lo orientaba hacia nuestra misi\u00f3n, mostrando un amor especial por nuestros atletas, a quienes mencionaba en diferentes foros como &#8220;sus atletas&#8221;.<\/p>\n\n\n\n<p>Todo lo que Vivi hizo por nuestro movimiento impact\u00f3 directamente a nuestros atletas y sus familias. Aunque es dif\u00edcil elegir entre tantas historias significativas, compartir\u00e9 una que destaca.<\/p>\n\n\n\n<p>A finales de 2019, fuimos revocados como donataria autorizada por no haber actualizado cierta informaci\u00f3n solicitada por las autoridades. Iniciamos el proceso para recuperar esta autorizaci\u00f3n, pero las oficinas estaban cerradas debido a la pandemia. Nos sent\u00edamos desesperados al no avanzar y angustiados por nuestros donantes y la reputaci\u00f3n de nuestro movimiento. En septiembre de 2020, durante una de nuestras llamadas matutinas, compart\u00ed la situaci\u00f3n con Vivi. A partir de ese momento, ella hizo nuestro problema suyo y nos conect\u00f3 con expertos contadores, auditores y abogados que, de manera pro bono, nos ayudaron a resolver la situaci\u00f3n con mayor agilidad y proporcionando la asesor\u00eda correcta. Gracias a su intervenci\u00f3n, recuperamos la donataria autorizada en enero de 2021.<\/p>\n\n\n\n<p>Actualmente, estos expertos contin\u00faan apoy\u00e1ndonos, brind\u00e1ndonos orientaci\u00f3n profesional en todos los asuntos requeridos por la autoridad para cumplir con todos los requisitos de manera completa y puntual.<\/p>\n\n\n\n<p>\u00bfPor qu\u00e9 menciono este caso? Porque sin la donataria autorizada, nuestro movimiento no podr\u00eda funcionar y no podr\u00edamos cumplir con nuestra misi\u00f3n.<\/p>\n\n\n\n<p>Pero hay muchos otros casos, y uno que no puedo pasar por alto es el de la revisi\u00f3n oftalmol\u00f3gica para nuestros atletas y sus familias.<\/p>\n\n\n\n<p>Vivi organiz\u00f3 una reuni\u00f3n con la Fundaci\u00f3n Devlyn, acordando una jornada de revisi\u00f3n oft\u00e1lmica para 217 personas (atletas y familiares), proporcionando 28 anteojos a quienes los necesitaban. Adem\u00e1s, capacitamos a 221 cl\u00ednicos de la Fundaci\u00f3n Devlyn para mejorar la revisi\u00f3n de personas con discapacidad intelectual.<\/p>\n\n\n\n<p>La historia de colaboraci\u00f3n y compromiso con Vivi es una de agradecimiento y admiraci\u00f3n. Su influencia ha sido transformadora, dejando una huella imborrable en nuestro movimiento y, lo m\u00e1s importante, en la vida de nuestros atletas y sus familias.<\/p>\n\n\n\n<p><\/p>\n\n\n\n<p style=\"margin-top:0;margin-bottom:0;padding-top:0;padding-right:0;padding-bottom:0;padding-left:0\">Lic. Mar\u00eda del Pilar Baz\u00e1n Ruiz<\/p>\n\n\n\n<p style=\"margin-top:0;margin-bottom:0;padding-top:0;padding-right:0;padding-bottom:0;padding-left:0\">Vicepresidente Ejecutiva del Consejo<\/p>\n\n\n\n<p style=\"margin-top:0;margin-bottom:0;padding-top:0;padding-right:0;padding-bottom:0;padding-left:0\">y Directora Ejecutiva Nacional Special Olympics<\/p>\n<\/div>\n<\/div>\n","protected":false},"excerpt":{"rendered":"<p>Pilar Baz\u00e1n Historia de Colaboraci\u00f3n y Compromiso: La Impactante Trayectoria con Vivi Fue en junio de 2020 cuando tuve el privilegio de ser presentada a Vivi, una conexi\u00f3n que se gest\u00f3 en medio de la pandemia a trav\u00e9s de una reuni\u00f3n virtual por Zoom. El prop\u00f3sito era claro: quer\u00eda conocernos, conocernos a nosotros y a [&hellip;]<\/p>\n","protected":false},"author":1,"featured_media":0,"parent":0,"menu_order":0,"comment_status":"closed","ping_status":"closed","template":"","meta":{"footnotes":""},"class_list":["post-415","page","type-page","status-publish","hentry"],"_links":{"self":[{"href":"http:\/\/vivianbardavid.com\/index.php?rest_route=\/wp\/v2\/pages\/415","targetHints":{"allow":["GET"]}}],"collection":[{"href":"http:\/\/vivianbardavid.com\/index.php?rest_route=\/wp\/v2\/pages"}],"about":[{"href":"http:\/\/vivianbardavid.com\/index.php?rest_route=\/wp\/v2\/types\/page"}],"author":[{"embeddable":true,"href":"http:\/\/vivianbardavid.com\/index.php?rest_route=\/wp\/v2\/users\/1"}],"replies":[{"embeddable":true,"href":"http:\/\/vivianbardavid.com\/index.php?rest_route=%2Fwp%2Fv2%2Fcomments&post=415"}],"version-history":[{"count":3,"href":"http:\/\/vivianbardavid.com\/index.php?rest_route=\/wp\/v2\/pages\/415\/revisions"}],"predecessor-version":[{"id":840,"href":"http:\/\/vivianbardavid.com\/index.php?rest_route=\/wp\/v2\/pages\/415\/revisions\/840"}],"wp:attachment":[{"href":"http:\/\/vivianbardavid.com\/index.php?rest_route=%2Fwp%2Fv2%2Fmedia&parent=415"}],"curies":[{"name":"wp","href":"https:\/\/api.w.org\/{rel}","templated":true}]}}